8?
22
Let c = -299 + 377. Calculate the greatest common factor of 6 and c.
6
Suppose -c = -4*d + 79, 3*c = 3*d + 6*c - 48. What is the highest common factor of d and 209?
19
Let k(j) = j - 2. Let n be k(3). Suppose 0 = -11*s + 8*s - 3*w, -3*s - 4*w - 3 = 0. Calculate the greatest common factor of n and s.
1
Let s be (175 - 13)/(6/(-4)). Let j = s + 160. What is the highest common factor of j and 130?
26
Let s(k) = 26*k**2 - k. Let r be s(1). Let o = r - -218. Suppose -2*v + 192 = y, 5*y + o = 2*v + 1251. What is the greatest common factor of 20 and y?
20
Let r be 30/7*((-21)/(-2) - 7). What is the greatest common divisor of r and 415?
5
Let s = 219 + -217. Let v(l) = -l**2 + 3. Let x be v(0). Let m = x + s. What is the greatest common factor of m and 15?
5
Let o(d) = -d**2 + 20*d + 41. Let j be o(21). Calculate the greatest common factor of j and 190.
10
Let v(l) = 115*l**2 + 25*l - 11. Let f be v(-2). Calculate the greatest common factor of 57 and f.
57
Let d = -2 + 8. Let t be 12/44 - (-12831)/143. Calculate the highest common factor of t and d.
6
Let l be (10 - 19) + 88 + -3. What is the greatest common factor of 361 and l?
19
Let z(i) = i**2 - 6*i + 4. Let j be z(6). Suppose 0 = 2*t - 0*t + j. Let p be 1/(t - (-42)/20). What is the greatest common factor of p and 80?
10
Suppose 0 = 3*v - 4*o - 428, -v = -o + 4*o - 147. Calculate the greatest common factor of v and 54.
18
Let f be 14/4*8/14. Suppose -f*g + 0*g + 270 = 0. Calculate the highest common divisor of g and 15.
15
Let o = -166 + 177. What is the highest common divisor of 88 and o?
11
Suppose -2*b + 3*i = -1398, 3*b + 4*i = b + 1384. What is the greatest common divisor of b and 84?
12
Let j be (0 - 2/(-2)) + 1. Suppose -34*g - 6 = -36*g + o, -4*o = 5*g - 41. Calculate the highest common factor of j and g.
1
Let s be 4/(-30) + (-564)/(-180) + 4. What is the highest common factor of 119 and s?
7
Let h be 165 + (3/5 - 3/5). Suppose 2*l - h = -3*l. Calculate the greatest common divisor of 33 and l.
33
Suppose -2*a + 5*i = -986, 2*a - 982 = 6*i - 2*i. What is the greatest common divisor of 231 and a?
21
Suppose g - 15 = -2*g. Suppose 0 = -g*m - 5 + 15. Suppose -x + 390 = 4*d - 3*x, 2*d - m*x = 198. What is the greatest common factor of 16 and d?
16
Suppose -5*x + 15*y = 18*y - 86, 3*y = 3*x - 42. Suppose 4*l = l - 27. Let s be (-142)/l + (-14)/(-63). Calculate the highest common factor of x and s.
16
Let q be 18/(-22) + 2/(-11). Let j(l) = 4*l**3 + 2*l**2 - 1. Let p be j(q). Let t be (-1 + p - -2) + 42. Calculate the highest common divisor of t and 8.
8
Suppose a - 2*a + 3*h + 238 = 0, 5*a - 1247 = -4*h. Suppose -a = -5*b + 38. Let t be 39 + ((-5)/(-2) + -2)*-2. Calculate the highest common divisor of b and t.
19
Let j = -35 + 43. Let l be (-9)/12 + 270/j. Calculate the greatest common divisor of 11 and l.
11
Let h(q) = 50*q**2 - 2*q + 2. Let p be h(1). Let f = 63 - p. What is the greatest common divisor of f and 39?
13
Suppose -797 = 6*d - 10*d + 5*b, 0 = 3*b + 3. Calculate the highest common divisor of 18 and d.
18
Let m be (-1 - 2) + 185 + 6. Let t = 380 - m. Suppose -2*j = 4*d - 3*j - 98, 5*j = -2*d + 38. Calculate the highest common factor of d and t.
24
Let o(h) = h**3 - 7*h**2 - 9*h - 1. Let i be o(8). Let w be (48/(5 - 9))/(2/i). Calculate the highest common factor of w and 135.
27
Suppose -l = t - 106, t + 2*t = -4*l + 428. Suppose -5*s - 4*p + 2*p = -753, 4*s - 608 = 4*p. Let a = s + -107. Calculate the highest common divisor of l and a.
22
Suppose -22 = -8*d + 18. Let g be 25048/155 + ((-6)/d)/(-3). Calculate the highest common factor of g and 18.
18
Suppose -2*n = r - 139, n - 49*r = -53*r + 66. Calculate the highest common factor of n and 35.
35
Let u(f) = f**3 - f + 1. Let z(r) = 7*r**3 + 8*r**2 - 18*r + 1. Let c(d) = -6*u(d) + z(d). Let p be c(-9). What is the highest common factor of p and 2?
2
Let m = -1159 - -2139. Calculate the highest common divisor of 14 and m.
14
Suppose 12 = 5*t - 8. Suppose 0 = -0*g + t*g - 56. What is the greatest common divisor of g and 70?
14
Suppose -7*w + 12*w - 575 = 0. Let k be ((-1)/2)/(1/(-38)). Suppose -l = -4 - k. Calculate the greatest common factor of w and l.
23
Suppose -4*x = -g - 4*g + 51, -4*x - 18 = -2*g. What is the greatest common factor of g and 154?
11
Suppose 0 = -2*s - 2*l + 394, 3*s = 2*s - 2*l + 199. What is the greatest common divisor of s and 165?
15
Let c(q) = 11*q - 1. Let m be c(2). Let f(y) = 2*y**2 + 23*y + 14. Let v be f(0). Calculate the greatest common divisor of v and m.
7
Suppose -2*t = q - 14, 3*t + 2 = 3*q - t. Suppose x - 3 = 5*g - q*g, 2*x - 4*g = 12. Calculate the greatest common factor of x and 4.
4
Let t be (22 + -1)/(4/4). Let p be ((-11904)/(-84) - -5) + (-6)/(-21). Calculate the highest common factor of p and t.
21
Let o = 32 - 31. Let q be o*5 + -1 + 4 + 0. Suppose -a = -3*a + 2*u + 76, 2*u = 4. What is the highest common divisor of a and q?
8
Suppose 3*a + 5*j = 4704, -4*a - 6272 = -8*a + 3*j. What is the highest common divisor of 32 and a?
32
Suppose 2*i = -3*x + 4*i - 2, -16 = -4*i. Suppose -2*h - 5*n = -34, 7*h + x*n = 4*h + 51. Calculate the highest common factor of h and 119.
17
Let v = 215 - 45. What is the highest common divisor of v and 10?
10
Suppose 3*m - m = 72. Calculate the greatest common divisor of 27 and m.
9
Let r be (-699)/6 + 3/(-2). Let j = r - -155. What is the highest common factor of j and 185?
37
Let n = -89 - -105. What is the highest common factor of 12 and n?
4
Let c = 20 + -4. Let t be (-3)/((-18)/(-14))*3. Let y = t - -11. What is the greatest common divisor of c and y?
4
Let t(f) = -f. Let m be t(0). Suppose -227 = h - m*h. Let u = 382 + h. What is the greatest common divisor of 62 and u?
31
Let g be (-7 - (-6 + 2)) + 0 + 220. What is the greatest common divisor of g and 155?
31
Suppose -3*m - 228 = -3*v, -2*v + 4*m = -72 - 82. Suppose 75 = 5*n - v. Calculate the greatest common factor of 15 and n.
15
Let w(k) = -k**3 - 18*k**2 + k + 22. Let q be w(-18). What is the greatest common divisor of 118 and q?
2
Suppose -186 = -3*o + 3*i, -6*o = -o + 5*i - 320. Suppose 0 = -2*a + 5*a - o. Let b be 4/(-32) + 4539/24. Calculate the highest common divisor of b and a.
21
Suppose 2*d - 6 - 2 = 0, -5*d - 114 = -2*j. Let y = 115 - j. Let p(q) = 4*q**2 - q + 4. Let g be p(-4). Calculate the highest common factor of g and y.
24
Suppose -2 = -3*q + 4. Let l = -228 - -242. Calculate the greatest common divisor of q and l.
2
Suppose 2*c = 1521 + 1383. Suppose 31*s = 37*s - c. Calculate the highest common divisor of s and 22.
22
Let t(w) be the second derivative of w**3 - 3*w**2 + 5*w. Let d be t(8). Let f = 37 - 23. Calculate the highest common factor of d and f.
14
Let i = 36 - 35. Let m(o) = -o**2 - 10*o - 13. Let q be m(-3). Calculate the greatest common divisor of q and i.
1
Let t(f) = 4*f - 25*f + 1 - 17*f + 7*f**2 + f. Let r be t(6). Calculate the highest common factor of 341 and r.
31
Let m(w) = 104*w**3 - 9*w**2 + 15*w - 6. Let z be m(1). Calculate the highest common divisor of 56 and z.
8
Let z be (-480)/(-36)*6/5. Calculate the greatest common divisor of 4 and z.
4
Let i = -15 - -9. Let y(n) be the second derivative of -n**3/2 - 5*n**2 - 5*n - 2. Let g be y(i). What is the greatest common divisor of g and 56?
8
Let f = 66 - 74. Let t be (6/f)/((-39)/260). Calculate the highest common divisor of t and 55.
5
Suppose c - 51 = -d + 4*d, -5*d + 5*c - 95 = 0. Let w be ((-36)/d)/((-2)/(-40)). Suppose 2*h + 2*h - 20 = 0. What is the highest common factor of h and w?
5
Suppose 56 = q - 0*q. Let o(a) = a**2 + 8*a + 6. Let d be o(-8). Let j = d - -1. What is the greatest common factor of q and j?
7
Let s(y) = 28*y + 4. Let l be s(2). Suppose -2*v + l = v. What is the greatest common factor of v and 160?
20
Suppose 4*d = 3*t + 7, -4*d + 3*t + 8 = -t. Suppose -29 = -h - d. What is the greatest common divisor of 98 and h?
14
Let l = 259 - 251. What is the highest common factor of l and 72?
8
Suppose 333 = 35*u - 87. Calculate the greatest common divisor of u and 132.
12
Let j(k) = -k**2 + k + 3. Let r be j(2). Calculate the greatest common divisor of r and 2.
1
Suppose -z + 1 + 3 = 0. Suppose -5*v = -2*w - 110, 9*v = 4*v - z*w + 80. Suppose 2*p - 3*p = -220. What is the greatest common 